{"id":10,"date":"2011-02-22T19:46:20","date_gmt":"2011-02-23T02:46:20","guid":{"rendered":"https:\/\/alquilercasasdebrinco.com\/puertorico\/"},"modified":"2023-07-25T12:00:23","modified_gmt":"2023-07-25T19:00:23","slug":"reserva-online","status":"publish","type":"page","link":"https:\/\/alquilercasasdebrinco.com\/puertorico\/reserva-online\/","title":{"rendered":"Reserva Online"},"content":{"rendered":"\n<p>Llenando este formulario ser\u00e1 enviada una pre-reservaci\u00f3n para verificar el d\u00eda de su actividad. Uno de nuestros representantes le estar\u00e1 llamando para asegurarle que la fecha de su actividad y el equipo que le interesa est\u00e1 disponible. La misma persona coordinar con usted el dep\u00f3sito de $25.00.<\/p>\n\n\n\n<p>Tenemos un nuevo sistema de reservacion online ! <a href=\"http:\/\/alquilercasasdebrinco.com\/reserva\/\">Visitalo Ahora precionando aqui <\/a>!<\/p>\n\n\n\n<div class=\"wpcf7 no-js\" id=\"wpcf7-f119-o1\" lang=\"\" dir=\"ltr\" data-wpcf7-id=\"119\">\n<div class=\"screen-reader-response\"><p role=\"status\" aria-live=\"polite\" aria-atomic=\"true\"><\/p> <ul><\/ul><\/div>\n<form action=\"\/puertorico\/wp-json\/wp\/v2\/pages\/10#wpcf7-f119-o1\" method=\"post\" class=\"wpcf7-form init\" aria-label=\"Contact form\" novalidate=\"novalidate\" data-status=\"init\">\n<fieldset class=\"hidden-fields-container\"><input type=\"hidden\" name=\"_wpcf7\" value=\"119\" \/><input type=\"hidden\" name=\"_wpcf7_version\" value=\"6.1.5\" \/><input type=\"hidden\" name=\"_wpcf7_locale\" value=\"\" \/><input type=\"hidden\" name=\"_wpcf7_unit_tag\" value=\"wpcf7-f119-o1\" \/><input type=\"hidden\" name=\"_wpcf7_container_post\" value=\"0\" \/><input type=\"hidden\" name=\"_wpcf7_posted_data_hash\" value=\"\" \/>\n<\/fieldset>\n<h4>Nombre Completo (requerido)\n<\/h4>\n<p><span class=\"wpcf7-form-control-wrap\" data-name=\"your-name\"><input size=\"40\" maxlength=\"400\" class=\"wpcf7-form-control wpcf7-text wpcf7-validates-as-required\" aria-required=\"true\" aria-invalid=\"false\" placeholder=\"Su nombre completo\" value=\"\" type=\"text\" name=\"your-name\" \/><\/span>\n<\/p>\n<h4>Email (requerido)\n<\/h4>\n<p><span class=\"wpcf7-form-control-wrap\" data-name=\"your-email\"><input size=\"40\" maxlength=\"400\" class=\"wpcf7-form-control wpcf7-email wpcf7-validates-as-required wpcf7-text wpcf7-validates-as-email\" aria-required=\"true\" aria-invalid=\"false\" placeholder=\"Su email\" value=\"\" type=\"email\" name=\"your-email\" \/><\/span>\n<\/p>\n<h4>Telefono 01 (required)\n<\/h4>\n<p><span class=\"wpcf7-form-control-wrap\" data-name=\"telefono1\"><input size=\"40\" maxlength=\"400\" class=\"wpcf7-form-control wpcf7-text wpcf7-validates-as-required\" aria-required=\"true\" aria-invalid=\"false\" placeholder=\"Su Telefono\" value=\"\" type=\"text\" name=\"telefono1\" \/><\/span>\n<\/p>\n<h4>Telefono 02\n<\/h4>\n<p><span class=\"wpcf7-form-control-wrap\" data-name=\"telefono2\"><input size=\"40\" maxlength=\"400\" class=\"wpcf7-form-control wpcf7-text\" aria-invalid=\"false\" placeholder=\"Telefono Alterativo\" value=\"\" type=\"text\" name=\"telefono2\" \/><\/span>\n<\/p>\n<h4>Pueblo Actividad (requerido) solo cubrimos area metro Puerto Rico\n<\/h4>\n<p><span class=\"wpcf7-form-control-wrap\" data-name=\"PuebloActividad\"><input size=\"40\" maxlength=\"400\" class=\"wpcf7-form-control wpcf7-text wpcf7-validates-as-required\" aria-required=\"true\" aria-invalid=\"false\" placeholder=\"Pueblo Actividad\" value=\"\" type=\"text\" name=\"PuebloActividad\" \/><\/span>\n<\/p>\n<h4>Fecha Actividad (requerido)\n<\/h4>\n<p><span class=\"wpcf7-form-control-wrap\" data-name=\"FechaActividad\"><input size=\"40\" maxlength=\"400\" class=\"wpcf7-form-control wpcf7-text wpcf7-validates-as-required\" aria-required=\"true\" aria-invalid=\"false\" placeholder=\"Fecha Actividad\" value=\"\" type=\"text\" name=\"FechaActividad\" \/><\/span>\n<\/p>\n<h4>Tu mensaje\n<\/h4>\n<p><span class=\"wpcf7-form-control-wrap\" data-name=\"your-message\"><textarea cols=\"40\" rows=\"10\" maxlength=\"2000\" class=\"wpcf7-form-control wpcf7-textarea\" aria-invalid=\"false\" placeholder=\"\u00bfAlgun mensaje que quiera enviarnos?\" name=\"your-message\"><\/textarea><\/span>\n<\/p>\n<p><input class=\"wpcf7-form-control wpcf7-submit has-spinner\" type=\"submit\" value=\"Send\" \/>\n<\/p><div class=\"wpcf7-response-output\" aria-hidden=\"true\"><\/div>\n<\/form>\n<\/div>\n\n","protected":false},"excerpt":{"rendered":"<p>Llenando este formulario ser\u00e1 enviada una pre-reservaci\u00f3n para verificar el d\u00eda de su actividad. Uno de nuestros representantes le estar\u00e1 llamando para asegurarle que la fecha de su actividad y el equipo que le interesa est\u00e1 disponible. La misma persona coordinar con usted el dep\u00f3sito de $25.00. Tenemos un nuevo sistema de reservacion online ! &hellip; <a class=\"read-excerpt\" href=\"https:\/\/alquilercasasdebrinco.com\/puertorico\/reserva-online\/\">Continue reading <span class=\"meta-nav\">&raquo;<\/span><\/a><\/p>\n","protected":false},"author":1,"featured_media":0,"parent":0,"menu_order":14,"comment_status":"open","ping_status":"closed","template":"","meta":{"_s2mail":"yes","footnotes":""},"class_list":["post-10","page","type-page","status-publish","hentry"],"_links":{"self":[{"href":"https:\/\/alquilercasasdebrinco.com\/puertorico\/wp-json\/wp\/v2\/pages\/10","targetHints":{"allow":["GET"]}}],"collection":[{"href":"https:\/\/alquilercasasdebrinco.com\/puertorico\/wp-json\/wp\/v2\/pages"}],"about":[{"href":"https:\/\/alquilercasasdebrinco.com\/puertorico\/wp-json\/wp\/v2\/types\/page"}],"author":[{"embeddable":true,"href":"https:\/\/alquilercasasdebrinco.com\/puertorico\/wp-json\/wp\/v2\/users\/1"}],"replies":[{"embeddable":true,"href":"https:\/\/alquilercasasdebrinco.com\/puertorico\/wp-json\/wp\/v2\/comments?post=10"}],"version-history":[{"count":7,"href":"https:\/\/alquilercasasdebrinco.com\/puertorico\/wp-json\/wp\/v2\/pages\/10\/revisions"}],"predecessor-version":[{"id":2792,"href":"https:\/\/alquilercasasdebrinco.com\/puertorico\/wp-json\/wp\/v2\/pages\/10\/revisions\/2792"}],"wp:attachment":[{"href":"https:\/\/alquilercasasdebrinco.com\/puertorico\/wp-json\/wp\/v2\/media?parent=10"}],"curies":[{"name":"wp","href":"https:\/\/api.w.org\/{rel}","templated":true}]}}