{"id":2313,"date":"2019-02-05T16:51:28","date_gmt":"2019-02-05T23:51:28","guid":{"rendered":"https:\/\/alquilercasasdebrinco.com\/puertorico\/?page_id=2313"},"modified":"2026-01-22T14:53:34","modified_gmt":"2026-01-22T21:53:34","slug":"justice-league","status":"publish","type":"page","link":"https:\/\/alquilercasasdebrinco.com\/puertorico\/equipos-y-precios\/justice-league\/","title":{"rendered":"Justice League"},"content":{"rendered":"\n<figure class=\"wp-block-image\"><img loading=\"lazy\" decoding=\"async\" width=\"1024\" height=\"949\" src=\"https:\/\/alquilercasasdebrinco.com\/puertorico\/wp-content\/uploads\/2019\/02\/IMG-1104-1024x949.jpg\" alt=\"\" class=\"wp-image-2277\" srcset=\"https:\/\/alquilercasasdebrinco.com\/puertorico\/wp-content\/uploads\/2019\/02\/IMG-1104-1024x949.jpg 1024w, https:\/\/alquilercasasdebrinco.com\/puertorico\/wp-content\/uploads\/2019\/02\/IMG-1104-300x278.jpg 300w, https:\/\/alquilercasasdebrinco.com\/puertorico\/wp-content\/uploads\/2019\/02\/IMG-1104-768x711.jpg 768w, https:\/\/alquilercasasdebrinco.com\/puertorico\/wp-content\/uploads\/2019\/02\/IMG-1104.jpg 1889w\" sizes=\"auto, (max-width: 1024px) 100vw, 1024px\" \/><\/figure>\n\n\n\n<p class=\"has-text-align-center\">14&#8217;6&#8243;&nbsp;ancho x 13&#8242; Largo x 13&#8242; alto<\/p>\n\n\n\n<h1 class=\"wp-block-heading has-text-align-center\"><strong>&gt;&gt;&gt; Precio del Equipo &lt;&lt;&lt;<\/strong><\/h1>\n\n\n\n<p class=\"has-text-align-center has-vivid-red-color has-text-color has-large-font-size\"><strong>$110.00 + IVU = $122.65<\/strong><\/p>\n\n\n\n<p class=\"has-text-align-center has-small-font-size\">Lea condiciones abajo sobre el precio !<\/p>\n\n\n\n<div style=\"height:20px\" aria-hidden=\"true\" class=\"wp-block-spacer\"><\/div>\n\n\n\n<hr class=\"wp-block-separator has-css-opacity\"\/>\n\n\n\n<p class=\"has-text-align-center has-medium-font-size\"><strong>Capacidad de ni\u00f1os aproximados:<\/strong><\/p>\n\n\n\n<p class=\"has-text-align-center\">1 a 10 M\u00e1ximo<\/p>\n\n\n\n<p class=\"has-text-align-center has-medium-font-size\"><strong>Peso de ni\u00f1os:<\/strong><\/p>\n\n\n\n<p class=\"has-text-align-center\">20lbs a 125lbs<\/p>\n\n\n\n<p class=\"has-text-align-center has-vivid-red-color has-text-color has-large-font-size\"><strong>Oferta para este equipo<\/strong><\/p>\n\n\n\n<ul class=\"wp-block-list\">\n<li>A\u00f1ade 1 maquina con 50 servicio por &#8211; $35 + $110 + IVU = <strong>$161.68<\/strong><\/li>\n<\/ul>\n\n\n\n<ul class=\"wp-block-list\">\n<li>A\u00f1ade 2\u00a0maquinas con 50 servicio cada equipo por &#8211; $70 + $110 + IVU = <strong>$191.50<\/strong><\/li>\n<\/ul>\n\n\n\n<p class=\"has-text-align-center\"><strong>Maquinas disponibles<\/strong><\/p>\n\n\n\n<p class=\"has-text-align-center\">Popcorn o Algod\u00f3n<\/p>\n\n\n\n<p class=\"has-text-align-center\"><em><strong>Este precio no incluye ni operador ni entrega en el caso que aplique. <\/strong><\/em><\/p>\n\n\n\n<p class=\"has-text-align-center\"><em><strong><a href=\"https:\/\/alquilercasasdebrinco.com\/puertorico\/area-de-cobertura\/\">Verifica los costos de entrega&nbsp;<\/a><\/strong><\/em><strong><em>aqu\u00ed<\/em><\/strong><\/p>\n\n\n\n<p class=\"has-text-align-center\">Para servicios adicionales favor llamarnos al 787-518-9201<\/p>\n\n\n\n<p class=\"has-text-align-center\">Nota: Solo alquilamos las m\u00e1quinas. Usted tiene que tener la mesa listas para cuando llegue el equipo. Recomendamos que la mesa no sea menor de 24 pulgadas ancho por 49 pulgadas de largo para las dos m\u00e1quinas.<\/p>\n\n\n\n<p class=\"has-text-align-center has-small-font-size\">*Esta oferta no aplica a los parques,\nvisita ofertas para parques <a href=\"https:\/\/alquilercasasdebrinco.com\/puertorico\/ofertas-parques\/\">presionando aqu\u00ed<\/a>*<\/p>\n\n\n\n<div style=\"height:20px\" aria-hidden=\"true\" class=\"wp-block-spacer\"><\/div>\n\n\n\n<hr class=\"wp-block-separator has-alpha-channel-opacity has-cool-to-warm-spectrum-gradient-background has-background is-style-wide\"\/>\n\n\n\n<div style=\"height:20px\" aria-hidden=\"true\" class=\"wp-block-spacer\"><\/div>\n\n\n<div class=\"wp-block-image\">\n<figure class=\"aligncenter\"><a href=\"https:\/\/alquilercasasdebrinco.com\/reserva\/product\/justice-league\/\"><img loading=\"lazy\" decoding=\"async\" width=\"600\" height=\"153\" src=\"https:\/\/alquilercasasdebrinco.com\/puertorico\/wp-content\/uploads\/2015\/03\/reserva-online-grande.gif\" alt=\"reserva-online-grande\" class=\"wp-image-1387\"\/><\/a><\/figure>\n<\/div>\n\n\n<div style=\"height:20px\" aria-hidden=\"true\" class=\"wp-block-spacer\"><\/div>\n\n\n\n<hr class=\"wp-block-separator has-alpha-channel-opacity has-cool-to-warm-spectrum-gradient-background has-background is-style-wide\"\/>\n\n\n\n<div style=\"height:20px\" aria-hidden=\"true\" class=\"wp-block-spacer\"><\/div>\n\n\n\n<h1 class=\"wp-block-heading has-text-align-center\">&gt;&gt;<strong>&gt; Fotos del Equipo &lt;&lt;&lt; <\/strong><\/h1>\n\n\n\n<figure class=\"wp-block-gallery has-nested-images columns-default is-cropped wp-block-gallery-1 is-layout-flex wp-block-gallery-is-layout-flex\">\n<figure class=\"wp-block-image size-large\"><a href=\"https:\/\/alquilercasasdebrinco.com\/puertorico\/wp-content\/uploads\/2019\/02\/IMG-1104.jpg\"><img loading=\"lazy\" decoding=\"async\" width=\"1024\" height=\"949\" data-id=\"2277\" src=\"https:\/\/alquilercasasdebrinco.com\/puertorico\/wp-content\/uploads\/2019\/02\/IMG-1104-1024x949.jpg\" alt=\"\" class=\"wp-image-2277\" srcset=\"https:\/\/alquilercasasdebrinco.com\/puertorico\/wp-content\/uploads\/2019\/02\/IMG-1104-1024x949.jpg 1024w, https:\/\/alquilercasasdebrinco.com\/puertorico\/wp-content\/uploads\/2019\/02\/IMG-1104-300x278.jpg 300w, https:\/\/alquilercasasdebrinco.com\/puertorico\/wp-content\/uploads\/2019\/02\/IMG-1104-768x711.jpg 768w, https:\/\/alquilercasasdebrinco.com\/puertorico\/wp-content\/uploads\/2019\/02\/IMG-1104.jpg 1889w\" sizes=\"auto, (max-width: 1024px) 100vw, 1024px\" \/><\/a><\/figure>\n\n\n\n<figure class=\"wp-block-image size-large\"><a href=\"https:\/\/alquilercasasdebrinco.com\/puertorico\/wp-content\/uploads\/2019\/02\/IMG-1103.jpg\"><img loading=\"lazy\" decoding=\"async\" width=\"1024\" height=\"786\" data-id=\"2274\" src=\"https:\/\/alquilercasasdebrinco.com\/puertorico\/wp-content\/uploads\/2019\/02\/IMG-1103-1024x786.jpg\" alt=\"\" class=\"wp-image-2274\" srcset=\"https:\/\/alquilercasasdebrinco.com\/puertorico\/wp-content\/uploads\/2019\/02\/IMG-1103-1024x786.jpg 1024w, https:\/\/alquilercasasdebrinco.com\/puertorico\/wp-content\/uploads\/2019\/02\/IMG-1103-300x230.jpg 300w, https:\/\/alquilercasasdebrinco.com\/puertorico\/wp-content\/uploads\/2019\/02\/IMG-1103-768x589.jpg 768w\" sizes=\"auto, (max-width: 1024px) 100vw, 1024px\" \/><\/a><\/figure>\n\n\n\n<figure class=\"wp-block-image size-large\"><a href=\"https:\/\/alquilercasasdebrinco.com\/puertorico\/wp-content\/uploads\/2019\/02\/IMG-1110.jpg\"><img loading=\"lazy\" decoding=\"async\" width=\"1024\" height=\"768\" data-id=\"2273\" src=\"https:\/\/alquilercasasdebrinco.com\/puertorico\/wp-content\/uploads\/2019\/02\/IMG-1110-1024x768.jpg\" alt=\"\" class=\"wp-image-2273\" srcset=\"https:\/\/alquilercasasdebrinco.com\/puertorico\/wp-content\/uploads\/2019\/02\/IMG-1110-1024x768.jpg 1024w, https:\/\/alquilercasasdebrinco.com\/puertorico\/wp-content\/uploads\/2019\/02\/IMG-1110-300x225.jpg 300w, https:\/\/alquilercasasdebrinco.com\/puertorico\/wp-content\/uploads\/2019\/02\/IMG-1110-768x576.jpg 768w\" sizes=\"auto, (max-width: 1024px) 100vw, 1024px\" \/><\/a><\/figure>\n\n\n\n<figure class=\"wp-block-image size-large\"><a href=\"https:\/\/alquilercasasdebrinco.com\/puertorico\/wp-content\/uploads\/2019\/02\/IMG-1107.jpg\"><img loading=\"lazy\" decoding=\"async\" width=\"1024\" height=\"768\" data-id=\"2272\" src=\"https:\/\/alquilercasasdebrinco.com\/puertorico\/wp-content\/uploads\/2019\/02\/IMG-1107-1024x768.jpg\" alt=\"\" class=\"wp-image-2272\" srcset=\"https:\/\/alquilercasasdebrinco.com\/puertorico\/wp-content\/uploads\/2019\/02\/IMG-1107-1024x768.jpg 1024w, https:\/\/alquilercasasdebrinco.com\/puertorico\/wp-content\/uploads\/2019\/02\/IMG-1107-300x225.jpg 300w, https:\/\/alquilercasasdebrinco.com\/puertorico\/wp-content\/uploads\/2019\/02\/IMG-1107-768x576.jpg 768w\" sizes=\"auto, (max-width: 1024px) 100vw, 1024px\" \/><\/a><\/figure>\n<\/figure>\n\n\n\n<div style=\"height:48px\" aria-hidden=\"true\" class=\"wp-block-spacer\"><\/div>\n\n\n\n<hr class=\"wp-block-separator has-alpha-channel-opacity has-cool-to-warm-spectrum-gradient-background has-background is-style-wide\"\/>\n\n\n\n<h1 class=\"wp-block-heading has-text-align-center\"><strong> V\u00eddeos del Equipo en Youtube<\/strong><\/h1>\n\n\n\n<figure class=\"wp-block-embed aligncenter is-type-video is-provider-youtube wp-block-embed-youtube wp-embed-aspect-4-3 wp-has-aspect-ratio\"><div class=\"wp-block-embed__wrapper\">\n<iframe loading=\"lazy\" title=\"Casa de Brinco motivo Liga de la justicia\" width=\"500\" height=\"375\" src=\"https:\/\/www.youtube.com\/embed\/t3Co9nfc81Y?feature=oembed\" frameborder=\"0\" allow=\"accelerometer; autoplay; clipboard-write; encrypted-media; gyroscope; picture-in-picture; web-share\" referrerpolicy=\"strict-origin-when-cross-origin\" allowfullscreen><\/iframe>\n<\/div><\/figure>\n\n\n\n<div style=\"height:20px\" aria-hidden=\"true\" class=\"wp-block-spacer\"><\/div>\n\n\n\n<hr class=\"wp-block-separator has-alpha-channel-opacity has-cool-to-warm-spectrum-gradient-background has-background is-style-wide\"\/>\n\n\n\n<p class=\"has-text-align-center\"><strong>Nota Aclaratoria:<\/strong><\/p>\n\n\n\n<p class=\"has-text-align-center\">Visitas nuestra \u00e1rea de <a href=\"https:\/\/alquilercasasdebrinco.com\/puertorico\/pregunta-frecuentes\/\"><strong>Pregunta Frecuentes<\/strong><\/a> aqui tendras la respuesta a todas esas preguntas.<\/p>\n","protected":false},"excerpt":{"rendered":"<p>14&#8217;6&#8243;&nbsp;ancho x 13&#8242; Largo x 13&#8242; alto &gt;&gt;&gt; Precio del Equipo &lt;&lt;&lt; $110.00 + IVU = $122.65 Lea condiciones abajo sobre el precio ! Capacidad de ni\u00f1os aproximados: 1 a 10 M\u00e1ximo Peso de ni\u00f1os: 20lbs a 125lbs Oferta para este equipo Maquinas disponibles Popcorn o Algod\u00f3n Este precio no incluye ni operador ni entrega &hellip; <a class=\"read-excerpt\" href=\"https:\/\/alquilercasasdebrinco.com\/puertorico\/equipos-y-precios\/justice-league\/\">Continue reading <span class=\"meta-nav\">&raquo;<\/span><\/a><\/p>\n","protected":false},"author":1,"featured_media":2988,"parent":6,"menu_order":0,"comment_status":"closed","ping_status":"closed","template":"","meta":{"_s2mail":"","footnotes":""},"class_list":["post-2313","page","type-page","status-publish","has-post-thumbnail","hentry"],"_links":{"self":[{"href":"https:\/\/alquilercasasdebrinco.com\/puertorico\/wp-json\/wp\/v2\/pages\/2313","targetHints":{"allow":["GET"]}}],"collection":[{"href":"https:\/\/alquilercasasdebrinco.com\/puertorico\/wp-json\/wp\/v2\/pages"}],"about":[{"href":"https:\/\/alquilercasasdebrinco.com\/puertorico\/wp-json\/wp\/v2\/types\/page"}],"author":[{"embeddable":true,"href":"https:\/\/alquilercasasdebrinco.com\/puertorico\/wp-json\/wp\/v2\/users\/1"}],"replies":[{"embeddable":true,"href":"https:\/\/alquilercasasdebrinco.com\/puertorico\/wp-json\/wp\/v2\/comments?post=2313"}],"version-history":[{"count":7,"href":"https:\/\/alquilercasasdebrinco.com\/puertorico\/wp-json\/wp\/v2\/pages\/2313\/revisions"}],"predecessor-version":[{"id":3107,"href":"https:\/\/alquilercasasdebrinco.com\/puertorico\/wp-json\/wp\/v2\/pages\/2313\/revisions\/3107"}],"up":[{"embeddable":true,"href":"https:\/\/alquilercasasdebrinco.com\/puertorico\/wp-json\/wp\/v2\/pages\/6"}],"wp:featuredmedia":[{"embeddable":true,"href":"https:\/\/alquilercasasdebrinco.com\/puertorico\/wp-json\/wp\/v2\/media\/2988"}],"wp:attachment":[{"href":"https:\/\/alquilercasasdebrinco.com\/puertorico\/wp-json\/wp\/v2\/media?parent=2313"}],"curies":[{"name":"wp","href":"https:\/\/api.w.org\/{rel}","templated":true}]}}